0027 a prime number?
False
Is 245894867 composite?
False
Is 9173957 composite?
True
Is 17269721 prime?
False
Is 23709943 a composite number?
False
Is 12471817 composite?
True
Is 1036582 a composite number?
True
Is 49615513 composite?
False
Is 524942897 a prime number?
False
Is 923774 a composite number?
True
Is 86258721 composite?
True
Is 6543323 prime?
True
Is 60945943 prime?
True
Is 24992705 composite?
True
Is 27494977 composite?
False
Is 16915237 a prime number?
False
Is 3085787 a composite number?
False
Is 53349437 composite?
True
Is 282704007 prime?
False
Is 10562369 prime?
False
Is 309458099 a composite number?
False
Is 17834491 prime?
True
Is 37862931 a prime number?
False
Is 5092229 prime?
True
Is 24771283 a composite number?
True
Is 84917399 prime?
False
Is 50060543 a prime number?
False
Is 19037701 prime?
False
Is 1440107 composite?
False
Is 622231 composite?
True
Is 4325999 a composite number?
True
Is 233970151 prime?
True
Is 1815991 a prime number?
False
Is 4531199 composite?
False
Is 203054065 a prime number?
False
Is 6150629 prime?
False
Is 30846847 prime?
False
Is 158507969 prime?
False
Is 257327 a prime number?
False
Is 5458861 composite?
False
Is 67406117 a composite number?
False
Is 41301199 composite?
True
Is 201038693 a composite number?
True
Is 163379999 composite?
False
Is 18837563 composite?
False
Is 3874279 a prime number?
True
Is 67369883 prime?
False
Is 580068857 prime?
True
Is 877031 a prime number?
False
Is 818959 a composite number?
False
Is 2310371 composite?
True
Is 2335405 a prime number?
False
Is 22377853 a prime number?
False
Is 2197997 a prime number?
False
Is 16021177 prime?
False
Is 179777713 a prime number?
True
Is 11077433 a prime number?
True
Is 1267613 prime?
True
Is 25597727 composite?
False
Is 333550169 composite?
False
Is 16230911 a composite number?
False
Is 16894201 prime?
True
Is 384780243 composite?
True
Is 3486181 a prime number?
False
Is 5809651 prime?
True
Is 7751143 a prime number?
True
Is 13938797 prime?
True
Is 4972847 a prime number?
False
Is 245786623 composite?
False
Is 10057841 a prime number?
True
Is 14436239 composite?
False
Is 340941143 composite?
False
Is 3947759 prime?
True
Is 37719211 a composite number?
False
Is 17614747 a composite number?
True
Is 2943511 a prime number?
False
Is 35472527 prime?
True
Is 1133291 composite?
True
Is 38180711 a prime number?
True
Is 821719 composite?
True
Is 164674501 composite?
True
Is 13721179 a composite number?
True
Is 13892051 a prime number?
False
Is 5398883 a prime number?
False
Is 6751963 a prime number?
True
Is 13140523 a composite number?
True
Is 5710309 composite?
True
Is 20912449 prime?
False
Is 6406651 prime?
False
Is 65997286 a composite number?
True
Is 5096627 composite?
False
Is 107931323 composite?
False
Is 56045513 composite?
False
Is 1054246 a composite number?
True
Is 30956279 a composite number?
False
Is 66607691 a composite number?
True
Is 88133597 prime?
True
Is 26226089 a composite number?
True
Is 26237 composite?
False
Is 18646549 prime?
True
Is 616153 a composite number?
False
Is 78190889 composite?
True
Is 19590055 a composite number?
True
Is 10999979 composite?
False
Is 2001581 a prime number?
True
Is 272648989 prime?
True
Is 472716253 a prime number?
True
Is 94104001 a prime number?
False
Is 1568771 composite?
False
Is 5720971 composite?
False
Is 774581 composite?
True
Is 32988767 a prime number?
False
Is 3845947 prime?
False
Is 1742441 a prime number?
False
Is 199439797 a composite number?
False
Is 2575873 composite?
True
Is 15086789 a composite number?
False
Is 40067749 prime?
True
Is 29201629 composite?
True
Is 118799 a prime number?
True
Is 23277253 composite?
True
Is 116692013 a composite number?
True
Is 96472491 prime?
False
Is 25843721 a composite number?
False
Is 228909371 a prime number?
False
Is 1669951 a composite number?
False
Is 119268967 a composite number?
True
Is 1805989 a composite number?
False
Is 7769105 prime?
False
Is 54296909 a composite number?
True
Is 2923129 a prime number?
False
Is 5762303 prime?
False
Is 2093107 a prime number?
False
Is 5040767 a prime number?
True
Is 232763203 composite?
False
Is 127502897 composite?
False
Is 42421667 a prime number?
True
Is 65021647 a composite number?
False
Is 167861 composite?
False
Is 51086407 composite?
False
Is 1341622 a composite number?
True
Is 7603331 a prime number?
False
Is 62007641 a prime number?
True
Is 183606439 a prime number?
False
Is 97361749 a prime number?
True
Is 38691407 composite?
False
Is 3690997 prime?
False
Is 1622693 composite?
False
Is 234580453 prime?
True
Is 5835511 prime?
False
Is 517882657 a composite number?
False
Is 174309253 composite?
False
Is 2211347 composite?
False
Is 25278479 a composite number?
True
Is 73817 composite?
True
Is 42318829 a prime number?
False
Is 12900427 a prime number?
False
Is 6521471 a composite number?
True
Is 7756979 composite?
True
Is 11860469 prime?
True
Is 63400199 a composite number?
False
Is 302105231 a composite number?
False
Is 2508371 a prime number?
True
Is 59532961 composite?
False
Is 165035219 a prime number?
True
Is 6694123 prime?
False
Is 4613881 a composite number?
False
Is 1516547 a prime number?
True
Is 57730709 a prime number?
False
Is 1403789 a prime number?
True
Is 119171603 composite?
False
Is 69218329 prime?
True
Is 144973649 composite?
False
Is 336209509 a composite number?
False
Is 315723169 composite?
False
Is 859181 prime?
True
Is 79973843 composite?
False
Is 1847071 a prime number?
True
Is 45014539 prime?
False
Is 7543577 a composite number?
False
Is 29978731 a composite number?
True
Is 54594229 prime?
False
Is 420485971 a composite number?
True
Is 41666437 a composite number?
False
Is 3452147 composite?
True
Is 126409247 composite?
True
Is 166677947 composite?
False
Is 17480899 a composite number?
False
Is 98619793 composite?
False
Is 3870797 prime?
False
Is 98844037 composite?
False
Is 180614221 prime?
True
Is 60145379 a composite number?
True
Is 64386709 a prime number?
False
Is 27193093 a prime number?
False
Is 24874607 a prime number?
True
Is 51322681 composite?
False
Is 665131 a prime number?
True
Is 72238403 prime?
False
Is 41735333 prime?
False
Is 2035967 composite?
False
Is 18157991 prime?
True
Is 1586371 prime?
True
Is 854579 a composite number?
True
Is 13032137 a composite number?
True
Is 462992677 prime?
False
Is 1162517 prime?
False
Is 3813683 a composite number?
True
Is 87002171 composite?
False
Is 12758087 composite?
False
Is 2642513 a prime number?
True
Is 22725709 a composite number?
False
Is 4717469 composite?
False
Is 16511611 a prime number?
True
Is 117786271 composite?
False
Is 563000401 composite?
False
Is 167361463 prime?
True
Is 69187439 composite?
False
Is 4018597 a composite number?
True
Is 9864893 composite?
True
Is 5148631 prime?
False
Is 33642041 a composite number?
False
Is 29548801 prime?
False
Is 75618569 a prime number?
False
Is 585179 prime?
False
Is 26823191 prime?
True
Is 2398861 a prime number?
True
Is 8923703 a prime number?
False
Is 297047 a composite number?
True
Is 29626039 composite?
False
Is 9696851 a composite number?
True
Is 541583 a composite number?
True
Is 428759 a composite number?
False
Is 339047 a prime number?
False
Is 1423137 composite?
True
Is 3867163 composite?
False
Is 24449021 a prime number?
True
Is 23890649 composite?
False
Is 42788561 a composite number?
False
Is 2675807 prime?
True
Is 29473849 composite?
False
Is 261881 a prime number?
True
Is 84942163 a composite number?
True
Is 650525539 a prime number?
True
Is 999323 prime?
False
Is 25173593 prime?
True
Is 8651626 composite?
True
Is 20842397 prime?
True
Is 358865063 a composite number?
False
Is 278834789 a composite number?
False
Is 4197065 a prime number?
False
Is 1185953 composite?
False
Is 13221706 a composite number?
True
Is 15651437 a prime number?
True
Is 558515323 composite?
True
Is 31351 prime?
False
Is 84434681 composite?
False
Is 1187321 a composite number?
False
Is 606253 a prime number?
False
Is 582355 prime?
False
Is 2639959 a composite number?
True
Is 4776209 a prime number?
True
Is 145591069 a prime number?
False
Is 203764733 composite?
False
Is 4947419 prime?
False
Is 26966627 composite?
False
Is 29797589 a composite number?
False
Is 1275572